sor of j and r?
7
Suppose -5*d + 34 = -3*f - 163, 0 = 2*d + 5*f - 85. Calculate the greatest common factor of d and 120.
40
Let z = -981 - -1165. What is the greatest common factor of z and 230?
46
Let d be (4/(-10))/(((-35)/(-75))/(-7)). Let z = 7 + -2. Suppose -2*q + z + 1 = 0. Calculate the greatest common factor of d and q.
3
Suppose -3*g = p + 6, -4*g - g = 3*p + 2. Let o = 5172 + -5070. Calculate the highest common factor of p and o.
6
Suppose -4*a - a = 0, 2*a - 20 = -5*m. Let o be (-1)/(2/m*-2). Calculate the greatest common factor of o and 5.
1
Suppose -3*r = 2*r - 155. Let y = 38 - r. Let i be 107/3 + 8/(-12). Calculate the highest common divisor of i and y.
7
Let c(g) = 2*g**2 - g - 15. Let z be c(5). Let n = 42 + z. Let i = 16 - 7. What is the greatest common divisor of n and i?
9
Let r be -5 + 1 - (-10 + 5). Suppose 5 = 3*j - r. Calculate the highest common factor of j and 16.
2
Let l be 387 + 1 + (5 - 3). What is the highest common divisor of 156 and l?
78
Let q(k) = -1224*k**3 - k**2 + k + 2. Let o be q(-1). What is the greatest common divisor of 72 and o?
72
Let m(b) = b**3 - 7*b**2 - 12*b - 18. Let q be m(9). What is the greatest common factor of 324 and q?
36
Let s(t) = -138*t - 8. Let a be s(-3). Calculate the highest common factor of a and 14.
14
Let j = 369 - 315. Calculate the greatest common factor of j and 702.
54
Suppose -2*b + 8 = -g + 3*g, 2*b + 4 = g. Suppose 2*p - 135 = -3*r, -3*r + g*r - 5 = 0. Calculate the greatest common factor of p and 36.
12
Suppose 2*g + 415 = 5*j - 38, 3*g = -j + 94. What is the greatest common divisor of 247 and j?
13
Suppose m - 6 = -3. Suppose 8*w - m*w - a = 139, 0 = 2*w + 4*a - 38. Calculate the greatest common divisor of w and 3.
3
Suppose -2*i = z - 40 - 14, z - 74 = 2*i. Suppose -s + z = -44. What is the greatest common factor of 27 and s?
27
Let v(b) be the second derivative of b**4/12 + b**3/6 - 19*b**2/2 + 2*b. Let u be v(6). Let z = 32 - u. What is the highest common divisor of 3 and z?
3
Let o(a) = 2*a**3 - 5*a**2 - a + 8. Let j be o(2). Let y be 0 + 0 - (-14 + -2). What is the highest common divisor of j and y?
2
Suppose -6*g = -1357 - 605. What is the greatest common factor of 3 and g?
3
Suppose 0 = 3*z + o - 1172, -z - o - 4*o = -400. What is the highest common factor of z and 312?
78
Let b = 754 + -748. Let m = -1 - -4. Calculate the greatest common factor of m and b.
3
Let x = 58 + -25. Calculate the highest common divisor of 22 and x.
11
Let w(z) = 3*z**2 + 15*z - 8. Let a be w(-6). What is the greatest common factor of a and 2810?
10
Suppose 3*w = 4*l + 21, 4*w - 3*w + l = 0. Suppose 0 = -0*g + w*g - 81. Suppose -2*j + 71 = -g. Calculate the highest common factor of 7 and j.
7
Let z be (44/(-3))/((-28)/1050). Calculate the greatest common factor of 50 and z.
50
Suppose 0 = 97*a - 82*a - 585. Calculate the highest common factor of 13 and a.
13
Suppose 3*s - 2*f = 1772, 5*s + 10*f = 9*f + 2936. Calculate the greatest common factor of 336 and s.
84
Suppose k + 2*n - 24 = -0, -168 = -5*k + 2*n. Let f be (-190)/(-6) + k/24. Calculate the highest common divisor of f and 11.
11
Suppose 116 = 3*s - a, 3*s + 5*a = 5*s - 99. What is the highest common factor of s and 111?
37
Suppose 9*y = 9183 + 11328. What is the greatest common divisor of y and 53?
53
Let a(h) be the second derivative of -h**5/10 - h**4/2 - 3*h**3/2 - 7*h**2/2 + 29*h. Let l be a(-3). Calculate the greatest common divisor of 160 and l.
20
Let y be (121/44)/((-2)/(-40)). Let d = -73 - -95. Calculate the greatest common factor of y and d.
11
Let t = -2 + 10. Suppose t*q = 5*q - 198. Let s = 92 + q. Calculate the highest common divisor of 156 and s.
26
Suppose 5*v - 119 = 156. Let m(l) be the third derivative of -l**6/120 + l**5/15 + l**3/3 - l**2. Let i be m(3). What is the highest common factor of i and v?
11
Suppose -25 + 327 = 3*b - 2*d, 5*b + 3*d = 516. Calculate the greatest common factor of b and 6.
6
Let q = 131 - 201. Let b be q/(-1) + (7 - 8). What is the greatest common divisor of b and 46?
23
Suppose 6*o = -o - 28. Let f be (15*(-7 + 6))/(1/o). Calculate the greatest common factor of 100 and f.
20
Let g = 274 + -114. Let u = -71 - -111. Calculate the greatest common factor of g and u.
40
Suppose -74*a + 528 = -26*a. What is the greatest common factor of a and 209?
11
Let u = 127 + -120. Let t be ((-168)/(-48))/((-1)/(-54)). What is the highest common factor of u and t?
7
Let t be (-2)/((-6)/(-15)) + 9. Let l(c) = c - 2. Let a be l(5). Suppose x - 3*j - 10 = 0, 7*j - 2*j = -a*x + 2. What is the highest common factor of x and t?
4
Let n(s) = -s**2 - s + 7. Let j be n(3). Let c(f) = -3*f + 9. Let u be c(j). Calculate the highest common divisor of u and 120.
24
Suppose 3*c - 2*r - 55 = 18, 4*c - 2*r - 98 = 0. Suppose -3*i + 1 + 14 = 0. Calculate the greatest common divisor of c and i.
5
Suppose 68 = 5*y + 3*n, -3*y + n + 48 = -4. Let i = 20 - y. Let g = i + 6. What is the highest common factor of 60 and g?
10
Suppose -93 = -3*i - 33. Suppose -3*j - 2*j = 3*n - 65, -2*j - 130 = -4*n. What is the greatest common factor of n and i?
10
Let z(m) = -m**3 - 7*m**2 - 5*m + 20. Let k be z(-7). Suppose 47 - k = -n. What is the highest common divisor of n and 4?
4
Let l(f) = -2*f**3 - 15*f**2 - 6*f - 4. Let c be l(-8). What is the highest common divisor of c and 198?
18
Let d be 4/(-10) - 185/(-25). Let o(q) = q**3 - q**2 - 7*q - 2. Let w be o(4). Suppose w - 333 = -5*b. Calculate the greatest common factor of b and d.
7
Let w(q) = q**3 - 48*q**2 + 179*q + 11. Let f be w(44). Calculate the greatest common factor of 22 and f.
11
Let c = -19 - -11. Let f = -6 - c. Suppose 4*h = -5*s + 9 + 37, 5*s = -f*h + 38. Calculate the highest common factor of 2 and s.
2
Let b be (-99)/(-6) - (-3)/(-6). Let t be (-6 - (-5 + 2)) + 3. Suppose t = -4*k + 1 + 15. Calculate the greatest common factor of b and k.
4
Suppose 224*j - 247*j = -1771. What is the greatest common factor of 55 and j?
11
Suppose -5*d - 5*v = -1355, -11*v + 14*v = d - 267. What is the highest common factor of 9 and d?
9
Let x be (-12)/(-18)*(0 + 3). Suppose 38 = x*u + 5*s - 52, -5*u - 4*s + 191 = 0. Calculate the greatest common factor of u and 14.
7
Let q = -245 + 925. Suppose 20 = -4*y, -5*y - 219 = 3*z - q. Suppose 2*d + 90 = 7*d. Calculate the highest common factor of z and d.
18
Let y be (18/8)/((-2)/(-144)). Suppose 0 = -27*i + 14*i + 234. What is the greatest common factor of y and i?
18
Let g be ((-152)/(-32))/(1/16). Let a(r) = 5*r**2 - 48*r + 18. Let s be a(10). What is the greatest common factor of s and g?
38
Suppose 29*d - 462 = 176. What is the greatest common divisor of d and 1507?
11
Let u(r) = -9*r - 89. Let v be u(-21). What is the highest common factor of v and 60?
20
Suppose -6790 = -10*w - 6560. Let z be 185/2 + (-1)/2. What is the highest common factor of w and z?
23
Suppose 6*n + 20 - 56 = 0. Suppose 4*t + 66 = -n. Let l = -6 - t. Calculate the highest common factor of l and 12.
12
Suppose 76 = 5*f - 164. Let p = -31 + 51. Suppose 0 = 3*x - 2*a - 2*a - 44, -x + 4*a + p = 0. Calculate the highest common divisor of x and f.
12
Suppose -15*z - 48 = -153. What is the greatest common factor of z and 91?
7
Suppose 5*p + 12 = 42. Let c be ((-20)/p - -2)/(2/(-60)). Calculate the greatest common divisor of c and 16.
8
Let d be (-1100)/(-15)*6/(-5)*-3. Suppose 3*z - 51 = d. Let u(y) = y**3 - 6*y**2 + 2*y + 3. Let o be u(6). What is the highest common divisor of z and o?
15
Let p(d) = -2*d - 8. Let u be p(-9). Let m = 265 - 169. Let i = -16 + m. What is the greatest common factor of i and u?
10
Let v(a) = 2*a**3 - 4*a**2 - 1. Let i be v(4). Suppose -23 = 2*z + 5*t - i, 2*t - 19 = -z. What is the greatest common divisor of z and 10?
5
Let x be 48/(-15)*((-315)/(-14))/(-3). Calculate the greatest common factor of x and 876.
12
Suppose 5*z = 7*z + 152. Let l = -1 - z. Calculate the greatest common divisor of l and 15.
15
Let d = 1 - -9. Let w = 8 - 4. Suppose -4*a + 4 = 0, -f + 107 = -w*a + 11. What is the highest common divisor of f and d?
10
Let m = -8 + 18. Let f = 2929 - 2799. Calculate the highest common factor of m and f.
10
Let y(f) = f**2 + 9*f - 64. Let m be y(-19). Let r be ((-12)/(-9))/(6/63). Calculate the highest common factor of r and m.
